ose h - 48 = 3*c + c, n*h + 3*c = 107. Suppose -h = -b - 0*b. Calculate the greatest common factor of 13 and b.
13
Let q(f) = f**2 + 7. Let b be q(3). Calculate the highest common factor of b and 2.
2
Let b(k) = -k**3 + 8*k**2 + k + 6. Let o be b(8). Suppose -2*q - 3 = -3*q. Suppose 0 = 5*u - 7 - q. Calculate the highest common factor of u and o.
2
Suppose -3*w = 2*w - 1050. Let f(m) = -m**2 + 5*m + 6. Let p be f(6). Suppose -3*s + w = -p*s. Calculate the highest common factor of 10 and s.
10
Let n = 11 + -5. Suppose 0 = 4*m + m - 270. Calculate the highest common divisor of n and m.
6
Suppose d = 31 - 12. Suppose 5*v = d + 71. Calculate the highest common factor of 54 and v.
18
Let z(r) = r**3 + r + 29. Let w(u) = u**3 - 9*u**2 + 7*u + 8. Let c be w(8). Let p be z(c). Suppose -9 + p = 2*b. What is the highest common factor of b and 2?
2
Let k be 231/49 + 2/7. Let y be -45*(1 - (1 + 1)). What is the highest common factor of y and k?
5
Suppose 2 = 2*g - o, 2*o + 5 = -g + 4*o. Suppose -g*y + 2*c - 3*c = -87, -c = -3. Calculate the greatest common factor of y and 56.
28
Let s(k) = 60*k**2 - 51*k**2 + 5*k - 4*k. Let a be s(3). Calculate the highest common divisor of 14 and a.
14
Let k be 16/(60/(-33) + 2). Suppose v - 2*v = 0. Let c = v - -8. What is the greatest common divisor of c and k?
8
Let p(k) = k - 8. Let m be p(8). Suppose -5*s - 5*u + 75 = m, 2*u - 55 - 11 = -4*s. Calculate the greatest common divisor of s and 18.
18
Let n(q) = q**3 + 6*q**2 - 8*q - 4. Let m be n(-7). Suppose u = 2*z - m, u + 3*z - 18 = -1. What is the greatest common factor of 5 and u?
5
Let c(j) = j**2 - j**3 + 15*j**2 - 9*j - 14 - 4*j**2. Let d be c(11). What is the highest common factor of d and 72?
8
Let k(v) = -v. Let g(b) = -b**2 + 16*b - 7. Let p(d) = g(d) + 3*k(d). Let l be p(6). Let i = -8 + 13. What is the highest common factor of l and i?
5
Suppose -2*d + 18 + 0 = 0. Suppose -5*u - 4*v = 1, 4*u - v - 7 = d. Suppose 2*z + 42 = u*z. What is the highest common factor of z and 6?
6
Let b = -29 + 57. What is the greatest common divisor of b and 98?
14
Let d be 4/(-16) + 418/8. Calculate the greatest common divisor of d and 26.
26
Let t = -4 - -6. Suppose -r = 3 - t. Let q be (-3)/(r - (-3)/12). What is the highest common divisor of 6 and q?
2
Let c(p) = -p**2 - 8*p - 7. Let m be c(-5). Suppose 0 = 9*r - 330 - 390. What is the highest common divisor of m and r?
8
Suppose n = 7*n - 252. What is the greatest common factor of n and 21?
21
Let f be (1 + -2)*(-2 - 28). Let q(i) = -i**3 - i**2 + 6. Suppose -j = 0, -4*n + 4*j = 5*j. Let d be q(n). What is the greatest common divisor of f and d?
6
Let r = 14 - 4. Let g = 6 + r. Let w(c) = -c**2 + 8. Let l be w(0). What is the greatest common factor of g and l?
8
Let a be 90*(3 + (-28)/12). What is the greatest common factor of 45 and a?
15
Suppose 3*c = 3 + 3. Suppose -n + 45 = c*n. Let d be (-1)/(-2) + n/2. Calculate the highest common divisor of d and 4.
4
Let d(n) = 10*n - 2. Let q(a) = -a. Let b(s) = d(s) + 6*q(s). Let f be b(4). What is the highest common divisor of f and 14?
14
Suppose -97 - 123 = -4*u. Suppose -4*z = 5*b - 28, 3*b + 2 = b + 5*z. Let h be 1 - (1 + (-1 - b)). What is the highest common divisor of h and u?
5
Let c = -4 - -6. Suppose c*l - 80 - 232 = 0. Let w = l + -66. What is the greatest common factor of 10 and w?
10
Let d be 1/2*-2 - -3. Suppose 3*k = d*n + 14, 5*k + 0*n - 30 = 2*n. What is the highest common factor of k and 88?
8
Suppose -d - 4*d = -25. Let y = -70 - -108. Suppose -2*g + 42 = -y. Calculate the highest common factor of g and d.
5
Suppose -160 = -2*g - 0*g. Suppose o - 1 = 3*k, 2*o + 2*k - k = 23. What is the highest common factor of g and o?
10
Suppose 5*k - 4*k = 6. Let l(f) = f**3 + 7*f**2 - f - 10. Let t be l(-7). Let o be 1*t*(-272)/k. What is the highest common divisor of o and 17?
17
Let n = -168 - -291. Suppose 11 - n = -2*i. Suppose 3*s = s + 16. What is the highest common divisor of s and i?
8
Let n(h) = h**2 + h - 6. Let t be (-4)/10 + (-46)/10. Let q be n(t). Let s = 19 - 5. Calculate the highest common divisor of q and s.
14
Suppose 32 = 5*f - 3. Let p be f - (1 + -3) - -2. Suppose 0 = o - 2*o + p. What is the highest common factor of 33 and o?
11
Let o = 5 + -18. Let c = 24 + o. Let v(u) = -4*u + 1. Let y be v(-8). Calculate the greatest common divisor of c and y.
11
Let h be (6/(-9))/(4/6). Let l be ((-32)/(-10))/(h/(-10)). Suppose -4*c + 32 = -l. What is the greatest common factor of c and 128?
16
Let k = 57 + -38. What is the highest common divisor of k and 209?
19
Suppose 5*s = -10, -49 = 5*m - 4*s - 357. Suppose x = -5*j + 24, 2*x - 5*j = -13 + 61. Calculate the highest common factor of m and x.
12
Suppose 5*n - 33 = 2*r, -r + 1 = 4*n - 15. Let t be 5 + 12/r + 19. Calculate the greatest common factor of 21 and t.
21
Let y(z) = z**3 - 5*z**2 + z - 6. Suppose 2*m + 2*m - 20 = 0. Let f be y(m). Let g be 17/4 - f/(-4). Calculate the highest common divisor of g and 28.
4
Suppose -4 = z - 3*z. Suppose 3*s - 10 = z. Calculate the greatest common factor of s and 16.
4
Let h(l) = 2*l**2 - 5*l - 4. Let i be h(-4). Calculate the highest common factor of i and 32.
16
Let t(u) = -u**2 + 13*u + 9. Let y be t(10). Calculate the highest common factor of y and 13.
13
Suppose -4*l = -5*p - 32, p + 48 = -l + 5*l. Suppose 0*m = m - l. What is the highest common factor of 52 and m?
13
Suppose -25*d + 20*d = -20. What is the greatest common divisor of d and 4?
4
Let p(i) = 2*i - 1. Let x be p(-2). Let r(q) = -3*q - 7. Let m be r(x). Suppose -n + 3*u = n - 19, 3*n + u = 23. What is the greatest common divisor of n and m?
8
Let w be 8/(-1) - (2 + -4). Let u = 6 + w. Suppose -5*s + 17 + 3 = u. What is the greatest common divisor of 36 and s?
4
Let s be (-6)/15 - (-1503)/45. Let f be (-2)/(((-1)/(-6))/1). Let h = f + 23. Calculate the highest common factor of s and h.
11
Suppose 6*g + 28 = 10*g. Suppose 3 = -3*b, -3*t + 5*b = -6*t - 2. Calculate the highest common divisor of g and t.
1
Let p = 1 + -1. Suppose -4*t + p = -4. Suppose -29 = 2*v - 7*v + 3*b, 4*v - b - 26 = 0. What is the highest common divisor of t and v?
1
Suppose 80 = -2*a - 4*h, -2*h = 2*a - 0*a + 78. Let r be 1*a*4/(-8). Suppose -v + 47 = r. What is the highest common divisor of 70 and v?
14
Suppose 56 = 6*b - 2*b + 4*j, -2*j = 10. Let g be 1324/14 - (-9)/21. Suppose -6*v + g = -v. What is the highest common divisor of v and b?
19
Suppose -2*o = 3*o - 4*w - 11, o + 4*w - 7 = 0. Suppose 0 = o*j - 56 - 16. What is the highest common factor of j and 8?
8
Let m be (-3 - -4)/((-1)/(-3)). Suppose m*g - 528 = -g. Calculate the greatest common factor of g and 12.
12
Let i(c) = 4*c**2 - 2*c. Let d be i(5). Suppose -r = r - d. Suppose -2*o = 3*o - r. What is the highest common divisor of 9 and o?
9
Suppose 103*v = 99*v + 76. What is the greatest common factor of v and 95?
19
Let m be 2*-3*1*-10. Suppose -4*o + 9*o = m. What is the greatest common divisor of 12 and o?
12
Suppose 4*v - 6 = 3*v. Let b be (-10)/(-3) - v/18. What is the greatest common divisor of b and 2?
1
Let k be (-392)/(-18) + (-16)/(-72). Calculate the highest common factor of 22 and k.
22
Suppose -2*g + 42 + 18 = 0. What is the greatest common factor of 30 and g?
30
Suppose 0 = r - 26 + 1. What is the highest common factor of 200 and r?
25
Let k = -121 - -145. What is the highest common divisor of 24 and k?
24
Suppose -3*k = -k - 480. What is the highest common factor of k and 30?
30
Suppose -6*m + 11*m = 5*z + 270, 2*m + 2*z = 88. Suppose -11 = -2*x + 3. What is the highest common divisor of x and m?
7
Let d(y) = 5*y + 2 + y - y**3 - y**3 - 4*y - 2*y**2. Let q be d(-2). What is the greatest common factor of q and 3?
3
Suppose 2*n = 7 + 3. Let w(b) be the second derivative of b**3/3 - 11*b**2/2 + b. Let c be w(8). What is the greatest common factor of c and n?
5
Let g(c) = 2 + c**2 - 3*c - 6*c - 2*c**2. Let y be g(-6). Calculate the highest common divisor of y and 4.
4
Suppose 4*w - 16 = -0*w. Suppose 2*k + 2*u - 42 = w*u, 2*k = 5*u + 42. What is the greatest common factor of k and 7?
7
Let x be (32/12)/((-4)/(-6)). Suppose -4*i = -x*o + 24, -2*o - 2*i = 2*o. Suppose -o*c + 135 = 23. What is the highest common factor of c and 8?
8
Let x(m) = m**3 + 10*m**2 - 12